+ 3 - 2). What are the prime factors of 0 + x + 1 - -7?
7
Suppose 2 = 5*k - 388. What are the prime factors of k?
2, 3, 13
Suppose 0*j - 3*j = -150. Let s = j + 5. What are the prime factors of (s/(-20))/((-1)/4)?
11
Suppose 0*u = -u + 2. Suppose q + 2*q - 9 = -2*f, -u*f = q + 1. Suppose -3 = -3*a + 2*s + q, -4*a = -2*s - 12. What are the prime factors of a?
2
Let d be (-5 + 5)*1/(-2). Let s(p) = p - 2. Let k be s(2). Suppose d = -6*w + 2*w + 12, 4*a + 5*w - 27 = k. List the prime factors of a.
3
Let l(x) = x - 4. Let j be l(4). Suppose j = 4*h - 24 - 28. What are the prime factors of h?
13
Suppose 2*b = -2*g + 22, g + 22 = 2*b - g. Suppose 9 = 4*k - b. Let o = 7 + k. What are the prime factors of o?
2, 3
Suppose -5*g - 4*i + 1081 = -6*i, 2*i = -g + 209. List the prime factors of g.
5, 43
What are the prime factors of (-8)/(-2)*18/8?
3
What are the prime factors of (-4)/3*(4 - (1 - -114))?
2, 37
Let n = -36 + 41. What are the prime factors of n?
5
Let y(h) = -3*h - 6 + 2*h + 2*h. Let k be y(7). Suppose -8 = -v + k. What are the prime factors of v?
3
Suppose 0*r = -4*r + 8. List the prime factors of r.
2
Let s = 13 + -24. Let g = 7 - s. List the prime factors of g.
2, 3
List the prime factors of (2 - (-5)/(-1)) + 110 + 0.
107
Let p(c) = c**2 - 3*c + 4. Let f be p(5). Let q = -9 + f. List the prime factors of q.
5
Suppose -2*a - 5 = -3*a. Suppose a*p - 6*p = -59. What are the prime factors of p?
59
Let w = 33 - 13. List the prime factors of w.
2, 5
Suppose -4*g = -15 - 1. Suppose -k = -4*s - 22, -2*s + g*s = k - 30. List the prime factors of k.
2, 19
Suppose -87 = 5*h + 6*u - 2*u, 5*u + 85 = -5*h. List the prime factors of ((-9)/(-3) + h)/(-1).
2
Let q(s) = 18*s**2 + s - 1. Let b be q(1). Suppose -n - i + 2 = 2*n, -4*i = -n + b. Suppose -3*j = 4*x + n, x = 4*j + 3*x - 14. What are the prime factors of j?
2, 3
Let z(d) be the third derivative of d**6/120 + d**5/15 - d**4/8 - d**3/6 + d**2. Let h = 6 + -10. What are the prime factors of z(h)?
11
Let r = 125 - 59. List the prime factors of r.
2, 3, 11
Suppose -6*n = -2*n + 4*g + 36, -4*n - 34 = 2*g. What are the prime factors of -2*(68/n - 2)?
3, 7
Let p(o) = -o**2 + 10*o - 14. Let l be p(7). List the prime factors of 1 + 1 + 0 + l.
3
Let j(v) = -3 - 3*v + v**3 + 5*v**2 - 2*v**2 - v**2. Let x be j(-2). Suppose -x*f = -2*f - 2. List the prime factors of f.
2
Let h = -45 - -21. Let c = -16 - h. List the prime factors of c.
2
Let d(f) be the second derivative of f**6/240 - f**5/120 - f**4/4 + 2*f. Let o(t) be the third derivative of d(t). What are the prime factors of o(5)?
2, 7
Let u(z) = -z**3 - 9*z**2 + 2. Let h be u(-9). Let o = h + -2. Suppose o = 3*a - 40 - 5. List the prime factors of a.
3, 5
Let c(f) = f + 1. Let o = 4 - -2. Let g be c(o). Suppose 2*t + 25 = g*t. What are the prime factors of t?
5
Suppose 2*i = 4*i - 76. List the prime factors of i.
2, 19
Let r(b) = -b**3 - 6*b**2 + 5*b + 9. What are the prime factors of r(-7)?
23
Let g be (14/35)/(2/240). Let c = g - 33. List the prime factors of c.
3, 5
List the prime factors of ((-303)/(-12))/(21/(-12) + 2).
101
Let d(t) = -t**3 + 8*t**2 + 11*t + 6. List the prime factors of d(9).
2, 3
Let q = 18 - 13. Let g = 3 - q. Let r = 0 - g. What are the prime factors of r?
2
Let c(o) = 0 - 3*o + 10*o + 1 - 6*o. List the prime factors of c(15).
2
Let k(s) = 2*s**2 - 2*s + 3. Let z be (-1)/(-1) - (-7 - -5). Let g be k(z). Suppose 5*y - 2*y = g. What are the prime factors of y?
5
Let j(p) = -8*p + 7. Let c be j(-7). Let n = c - 34. Let o = -18 + n. What are the prime factors of o?
11
Let z(m) = m**3 - 7*m**2 + 4. Let v be z(7). Let y be v/2*(-9)/(-6). Suppose 3*k = -k + y*p + 45, 3*k - 15 = -4*p. What are the prime factors of k?
3
Let w(c) = 5*c - 1 + 5*c**2 - 3*c - 4*c**2. Let t be w(-3). Suppose 0 = -g + 4*l + 9, -t*g = -4*l + 5 - 19. List the prime factors of g.
5
Let g(v) = -8*v**3 + 4*v**2 + 3*v**3 - 6*v**2 - v**3 - v. Let z be g(-1). Suppose -d - 37 = -4*k + 7, d = z*k - 54. List the prime factors of k.
2, 5
Suppose -3*p = 3*r - 618, -3*r - 1006 = -8*r + 3*p. List the prime factors of r.
7, 29
Let r(l) = -4*l + 53. List the prime factors of r(9).
17
Let s(c) = -3*c**3 - 2*c**2 - c - 2. List the prime factors of s(-2).
2
List the prime factors of (-298)/(-7) - 6/(-14).
43
Suppose -2*i - 3*v = -12 - 6, 14 = 4*i - 5*v. What are the prime factors of i?
2, 3
Let u(c) = c**3 + 8*c**2 + 8*c + 7. Let n be u(-7). Suppose d + d + 3*k = 12, d + 2*k - 4 = n. List the prime factors of d.
2, 3
Let o = -17 - -12. Let n = o - -4. What are the prime factors of (n/3)/((-2)/30)?
5
Let i be (0 - -1) + (0 - -3). Suppose -i*a = -0*a - 28. List the prime factors of a.
7
Suppose 3*l - 21 = -6. Let z(h) = h**2 - 5*h - 3. Let s be z(l). Let b = 18 + s. What are the prime factors of b?
3, 5
Let a(z) = -8*z + 2. List the prime factors of a(-2).
2, 3
Let l(f) = -3*f**2 + 3*f - 3. Let z(w) = w**2 - w. Let o(v) = l(v) + 5*z(v). List the prime factors of o(-2).
3
Let o(t) = 3*t - 7. Let i be o(5). Let y = 15 - i. List the prime factors of y.
7
Suppose -4*o + 14 = -0*b + 3*b, -4*b + 18 = 5*o. Let i = b - 6. What are the prime factors of (9/(-2))/(2/i)?
3
Suppose -m = b - 16, -4*b - 19 - 19 = -2*m. What are the prime factors of m?
17
Suppose 0 = 6*w - w - 120. Let u = 44 - w. List the prime factors of u.
2, 5
Suppose 4*o = o - 6. Let j be -32*(o - (-3)/2). Suppose -j = -2*p - 0*p. What are the prime factors of p?
2
Suppose -3*f - 4*v = -35, -5*f + 3*v + 0*v = -10. Suppose -5*w + 5 = -2*p, -f*w - 6 = -p - 21. What are the prime factors of p?
2, 5
Suppose 2*d - 9 - 7 = 0. Let g(z) = -z**3 + 5*z**2 - z**2 + 3*z**2 + 10*z - 5. List the prime factors of g(d).
11
Let o = -15 - -9. List the prime factors of o/(-3) + 7*1.
3
Suppose -17 = -2*b + 4*r + 21, 3*r - 32 = -4*b. Suppose -4*g + b + 9 = 0. Suppose 4 + g = 3*i. List the prime factors of i.
3
Let z(t) = t**3 + 5*t**2 + 2*t. Let a = -6 + 3. List the prime factors of z(a).
2, 3
Suppose -4*s - 39 = -3*t - 7*s, 3*t = s + 35. List the prime factors of t.
2, 3
Let r(t) = 4*t + 2. Let j be r(-2). Let k(w) = -w**3 - 6*w**2 + 1. Let z be k(j). What are the prime factors of (-1 - -15)*z/2?
7
Let w = -3 + 5. Let r(g) = -4*g. Let c be r(2). List the prime factors of (-2 - c) + -3 + w.
5
Let x = 173 - 70. List the prime factors of x.
103
Suppose 56 = -6*c + 8*c. What are the prime factors of c?
2, 7
Suppose 60 = 5*d + 5*p, -5*d - 5*p + 36 = -6*p. List the prime factors of d.
2
Suppose 355 = 4*d + 143. Suppose -5*x + 2 = -d. List the prime factors of x.
11
Suppose x + 2*v - 20 = -0*x, v = -5*x + 100. List the prime factors of x.
2, 5
Let v(s) = -5*s - 6. Let q be v(-3). Suppose -2*l - q = -69. List the prime factors of l.
2, 3, 5
Let b(q) = -q**3 - q**2 - 4*q - 1. List the prime factors of b(-3).
29
Let m = -118 - -216. List the prime factors of m.
2, 7
Let t = 9 - 15. List the prime factors of ((-8)/t)/(6/36).
2
Suppose 3*x + 5*q + 29 = 0, 1 - 2 = -x + q. List the prime factors of (-31)/x + 4/6.
11
Suppose 5*g + 13 = 98. Suppose 2*y - 19 - 3 = -2*n, 5*y + g = n. What are the prime factors of n?
2, 3
Let l = -6 - -11. Suppose 3*g = 5*d - 14, l*d = 10 + 10. Suppose -g*c - 10 + 26 = 0. List the prime factors of c.
2
Let s(i) = 2*i - 1. Let m be s(-2). Let h(y) = -y**2 - 6*y + 1. What are the prime factors of h(m)?
2, 3
Let i(b) = -b + 9. Let j = 6 - 6. What are the prime factors of i(j)?
3
Let y be 1/(2/4 + 0). Let g = -9 - -10. What are the prime factors of y + 2/(g - 0)?
2
Suppose 0*h - 3*h = 15, 0 = -4*n + 2*h + 86. What are the prime factors of n?
19
Let g(d) = -4*d**2 + d. Let h be g(-3). Let i = h - -61. List the prime factors of i.
2, 11
Let p = -55 + 3. List the prime factors of p/(-3) + (-3)/9.
17
Let b(o) = -o + 32. What are the prime factors of b(0)?
2
Suppose -4*f + 5*w + 234 = 2*w, 5*w = 3*f - 170. What are the prime factors of f?
2, 3, 5
Suppose 3*r - 114 = -5*z + 104, 5*r = 5. List the prime factors of z.
43
Let o(c) = -2*c + 1. Let i be o(-1). Suppose -i = y - 2*y. Suppose 0 = 2*k - 4*j - 12, 2*k + 5*j + y = 6. List the prime factors of k.
2
Suppose -o + 3*p = p - 27, -5*o + 177 = 4*p. List the prime factors of o.
3, 11
Let t be (-27)/12*(3 + 1). Let j(p) = p**3 + p**2 + p - 1. Let y(x) = x**3 - 8*x**2 - 7*x - 10. Let l(v) = 2*